is divided by 243.
31
What is the remainder when 1960486 is divided by 49?
45
Calculate the remainder when 18697 is divided by 847.
63
What is the remainder when 5965 is divided by 260?
245
What is the remainder when 35886 is divided by 264?
246
What is the remainder when 16060 is divided by 63?
58
Calculate the remainder when 792609 is divided by 557.
555
Calculate the remainder when 54943 is divided by 2616.
7
Calculate the remainder when 11069 is divided by 444.
413
Calculate the remainder when 20745 is divided by 264.
153
What is the remainder when 36632 is divided by 9158?
0
What is the remainder when 160663 is divided by 153?
13
Calculate the remainder when 10646 is divided by 409.
12
What is the remainder when 7618 is divided by 7600?
18
What is the remainder when 1790 is divided by 248?
54
Calculate the remainder when 4941 is divided by 47.
6
Calculate the remainder when 1608 is divided by 137.
101
Calculate the remainder when 2558 is divided by 298.
174
What is the remainder when 45579 is divided by 45575?
4
What is the remainder when 106873 is divided by 308?
305
Calculate the remainder when 16790 is divided by 88.
70
What is the remainder when 322 is divided by 35?
7
Calculate the remainder when 42350 is divided by 2115.
50
Calculate the remainder when 722 is divided by 146.
138
Calculate the remainder when 70965 is divided by 1089.
180
Calculate the remainder when 19607 is divided by 185.
182
What is the remainder when 10216 is divided by 9237?
979
What is the remainder when 70509 is divided by 34?
27
Calculate the remainder when 926965 is divided by 127.
119
Calculate the remainder when 70503 is divided by 173.
92
What is the remainder when 53659 is divided by 267?
259
What is the remainder when 190798 is divided by 120?
118
Calculate the remainder when 1131679 is divided by 23.
10
Calculate the remainder when 15753 is divided by 15.
3
What is the remainder when 3276 is divided by 816?
12
What is the remainder when 1089 is divided by 507?
75
Calculate the remainder when 1147 is divided by 49.
20
What is the remainder when 532358 is divided by 6?
2
What is the remainder when 4446 is divided by 948?
654
Calculate the remainder when 4923 is divided by 4899.
24
Calculate the remainder when 3187 is divided by 46.
13
What is the remainder when 87517 is divided by 32?
29
Calculate the remainder when 90665 is divided by 71.
69
Calculate the remainder when 25337 is divided by 4220.
17
What is the remainder when 2267 is divided by 56?
27
Calculate the remainder when 3540 is divided by 681.
135
What is the remainder when 1422 is divided by 201?
15
Calculate the remainder when 18271 is divided by 25.
21
Calculate the remainder when 24706 is divided by 6176.
2
What is the remainder when 192 is divided by 26?
10
What is the remainder when 30090 is divided by 72?
66
What is the remainder when 1557 is divided by 73?
24
Calculate the remainder when 10024 is divided by 12.
4
What is the remainder when 2395 is divided by 2369?
26
What is the remainder when 26273 is divided by 30?
23
Calculate the remainder when 48859 is divided by 18.
7
Calculate the remainder when 1217962 is divided by 119.
116
What is the remainder when 123224 is divided by 652?
648
Calculate the remainder when 319230 is divided by 45602.
16
Calculate the remainder when 10393 is divided by 1037.
23
Calculate the remainder when 19878 is divided by 6327.
897
Calculate the remainder when 351 is divided by 213.
138
Calculate the remainder when 160678 is divided by 50.
28
Calculate the remainder when 87670 is divided by 549.
379
What is the remainder when 5034 is divided by 128?
42
What is the remainder when 4718 is divided by 33?
32
Calculate the remainder when 4988 is divided by 140.
88
Calculate the remainder when 243150 is divided by 1871.
1791
What is the remainder when 76958 is divided by 458?
14
What is the remainder when 31834 is divided by 98?
82
Calculate the remainder when 10477 is divided by 3467.
76
Calculate the remainder when 87602 is divided by 2433.
14
What is the remainder when 2621 is divided by 581?
297
What is the remainder when 34377 is divided by 11458?
3
What is the remainder when 659 is divided by 392?
267
What is the remainder when 15832 is divided by 5112?
496
Calculate the remainder when 81156 is divided by 534.
522
What is the remainder when 7273849 is divided by 10?
9
Calculate the remainder when 3110 is divided by 619.
15
What is the remainder when 645369 is divided by 78?
75
What is the remainder when 11880 is divided by 1700?
1680
What is the remainder when 7038 is divided by 36?
18
What is the remainder when 9376 is divided by 106?
48
Calculate the remainder when 862106 is divided by 270.
266
Calculate the remainder when 34954 is divided by 573.
1
Calculate the remainder when 168 is divided by 99.
69
Calculate the remainder when 31227 is divided by 10338.
213
Calculate the remainder when 8923 is divided by 3890.
1143
Calculate the remainder when 117996 is divided by 5.
1
What is the remainder when 5469 is divided by 79?
18
Calculate the remainder when 54917 is divided by 523.
2
What is the remainder when 254208 is divided by 254189?
19
Calculate the remainder when 244112 is divided by 7628.
16
Calculate the remainder when 14106 is divided by 11.
4
Calculate the remainder when 11645 is divided by 2908.
13
What is the remainder when 179191 is divided by 948?
19
What is the remainder when 71590 is divided by 30?
10
What is the remainder when 47060 is divided by 466?
460
Calculate the remainder when 4993 is divided by 86.
5
What is the remainder when 855599 is divided by 552?
551
Calculate the remainder when 31838 is divided by 261.
257
Calculate the remainder when 10346 is divided by 100.
46
Calculate the remainder when 5922 is divided by 480.
162
What is the remainder when 2567 is divided by 631?
43
What is the remainder when 272253 is divided by 8?
5
What is the remainder when 33598 is divided by 35?
33
Calculate the remainder when 42036 is divided by 2211.
27
Calculate the remainder when 2076830 is divided by 11.
8
What is the remainder when 51733 is divided by 5747?
10
Calculate the remainder when 16158 is divided by 1010.
1008
Calculate the remainder when 72469 is divided by 1766.
63
Calculate the remainder when 6938 is divided by 2236.
230
Calculate the remainder when 20879 is divided by 240.
239
What is the remainder when 23218 is divided by 34?
30
What is the remainder when 2646058 is divided by 2037?
2032
What is the remainder when 196632 is divided by 109?
105
Calculate the remainder when 1949 is divided by 625.
74
Calculate the remainder when 289016 is divided by 30.
26
What is the remainder when 93557 is divided by 1006?
1005
What is the remainder when 6637 is divided by 1646?
53
What is the remainder when 983612 is divided by 163933?
14
Calculate the remainder when 97292 is divided by 705.
2
Calculate the remainder when 53474 is divided by 1025.
174
Calculate the remainder when 5521 is divided by 14.
5
Calculate the remainder when 477509 is divided by 873.
851
What is the remainder when 21791 is divided by 212?
167
What is the remainder when 105143 is divided by 35045?
8
What is the remainder when 25208 is divided by 586?
10
Calculate the remainder when 15748 is divided by 276.
16
Calculate the remainder when 2821 is divided by 26.
13
Calculate the remainder when 5257 is divided by 1313.
5
Calculate the remainder when 35242 is divided by 34908.
334
What is the remainder when 39135 is divided by 421?
403
What is the remainder when 7370782 is divided by 1478?
1474
Calculate the remainder when 9085 is divided by 2972.
169
Calculate the remainder when 7325 is divided by 243.
35
What is the remainder when 71962 is divided by 72?
34
What is the remainder when 33405 is divided by 232?
229
What is the remainder when 63317 is divided by 7028?
65
Calculate the remainder when 5108219 is divided by 780.
779
Calculate the remainder when 2245 is divided by 568.
541
Calculate the remainder when 126 is divided by 102.
24
Calculate the remainder when 1115 is divided by 133.
51
What is the remainder when 2017 is divided by 2000?
17
Calculate the remainder when 965 is divided by 476.
13
What is the remainder when 91191 is divided by 351?
282
Calculate the 